a) = -355*a + 6273. What are the prime factors of k(9)?
2, 3, 19
Suppose 0 = 2*m + 6, -2*z - 4*m + 54 = 182. Let i = z - -146. What are the prime factors of i?
2, 11
Let m = -35 - -38. Suppose -v + 3*w + 571 = 0, 1230 = 4*v + m*w - 1099. List the prime factors of v.
2, 5, 29
Let t(i) = 79*i - 21. Let a be t(-1). List the prime factors of (-21)/((-585)/a + -6).
2, 5, 7
Let z = -4124 - -6202. What are the prime factors of z?
2, 1039
Suppose -2*p - 92*g = -94*g - 28112, p + 4*g = 14061. What are the prime factors of p?
14057
Let r(q) = -17*q + 4. Let v = -11 - -39. Suppose -58*x + 54*x = v. List the prime factors of r(x).
3, 41
Let h = -9 + -19. Let r be 273/(-12) - (-7)/h. Let m = r + 77. List the prime factors of m.
2, 3
Let c(i) = -22*i + 17. Let d be (-4)/(((-40)/12)/(-5)) + 1. Let j be c(d). Suppose 5*v = 4*s - 0*s - 181, j = 3*s - 2*v. List the prime factors of s.
3, 13
Let i be -1 - 28/(-7) - -2. Let j(w) = w**2 - w - 13. Let m be j(10). Suppose m = 6*s + i. What are the prime factors of s?
2, 3
Suppose u - 87 = -u + 5*l, 42 = u - l. Let c = 2916 + -2616. Suppose 0 = 3*o - b - c, o + b = -u + 141. List the prime factors of o.
2, 5
Let a = 15 + 180. Let u(q) = 47*q**3 - q**2 - 4*q - 1. Let n be u(-1). Let y = a + n. What are the prime factors of y?
2, 3, 5
Suppose -1852 = 29*s - 19832. Suppose l = -p + 204, 4*p - s = -3*l + 9*p. List the prime factors of l.
5, 41
Suppose 73*y - 243267 - 2519564 = 0. List the prime factors of y.
37847
Let m be 4782/(-36) - 3/18. What are the prime factors of 1/(-2*(-3)/(-42))*m?
7, 19
Let j be 2 + (3 - 4620/(-1)). Suppose 5*f = -3*h + j, 5*f + 5*h + 0*h - 4625 = 0. What are the prime factors of f?
5, 37
Suppose -16*x + 150718 - 94183 = -110281. What are the prime factors of x?
2, 13, 401
Suppose -8 = 56*q - 48*q. List the prime factors of 0/q - -5 - -15.
2, 5
Let r(t) = t**2 + 48*t - 21. Let l be r(33). Let c = -1381 + l. What are the prime factors of c?
31, 41
Let i = 6260 - -19398. List the prime factors of i.
2, 12829
Suppose 22*k = 163847 - 11542 + 156157. List the prime factors of k.
7, 2003
Suppose 0 = 2*x - 4*o - 10, -o + 20 = 14*x - 10*x. Suppose -4*d + 2*g = -3522, 2*d - x*g = 7*d - 4410. List the prime factors of d.
881
Let p(h) = 24*h + 12. Let q be 1*-33*37/(-111). What are the prime factors of p(q)?
2, 3, 23
Suppose -1373 - 5060 = -j. Suppose -7*v + j = -1939. List the prime factors of v.
2, 13, 23
Let t(l) = 5*l**2 + 12*l**3 + 2*l**2 - 37*l**3 + 18*l + 6 + 24*l**3. Let c be 29/3 - (-2)/(-3). What are the prime factors of t(c)?
2, 3
Let b = 19942 + -14590. List the prime factors of b.
2, 3, 223
Let s be (-4)/(5/((-2325)/10)). Suppose w = 4*u - 1829, -4*u - 5*w = -1985 + s. List the prime factors of u.
2, 3, 19
Let k = -27849 + 59982. List the prime factors of k.
3, 10711
Suppose 2*z = -5*j + 4088, 5*j - 532 = 4*z + 3562. What are the prime factors of j?
2, 409
Let x(b) = -49*b**3 + 0*b - b + 2*b. Suppose -2*p = -s + 9, 5*s - 36*p + 38*p + 15 = 0. What are the prime factors of x(s)?
2, 3
Let y(u) = u**2 + 7*u - 27. Let z be y(-10). List the prime factors of (1 - 2)*-97 - (-1 + z).
5, 19
Let c = 0 - -18. Let i = -351 - -351. List the prime factors of (6 + i)*132/c.
2, 11
Let y(l) = 140*l**2 - 275*l**2 + 139*l**2 + 21. What are the prime factors of y(9)?
3, 5, 23
Let u = -10969 - -16293. List the prime factors of u.
2, 11
Suppose 0 = -92*v + 33*v + 168386. List the prime factors of v.
2, 1427
Let j(y) be the first derivative of y**4/12 + 17*y**3/3 - 4*y**2 - 35. Let n(z) be the second derivative of j(z). List the prime factors of n(17).
2, 17
Let g(u) = -u**3 - 4*u**2 - 6*u + 3. Let y be g(-2). Suppose -y*h - 1128 = -11*h. What are the prime factors of h?
2, 3, 47
List the prime factors of (((-80)/15)/(-16))/((-8)/(-806880)).
2, 5, 41
Let j = -17946 + 47731. What are the prime factors of j?
5, 7, 23, 37
Let y be (-12)/(-8) - 175/(-10). Let g(f) = 122*f + 4 - y*f - 2. What are the prime factors of g(2)?
2, 13
Suppose 551542 = 10*x + 31*x - 278749. What are the prime factors of x?
7, 11, 263
Let q(k) = -k**3 + 4*k**2 + 8*k - 9. Let p be q(5). Suppose -49 = p*a + 11. List the prime factors of (28/3)/(a/(-75)).
2, 5, 7
What are the prime factors of 3/(-6)*(-90636)/(9 + -6)?
2, 7, 13, 83
Let i(b) = -147*b + 664. What are the prime factors of i(-35)?
37, 157
Let p(g) = 27*g**2 + 4*g + 2. Suppose -5*a + 12 = -3. Suppose a*m - h = -6, 3*m - h = -5*h - 6. List the prime factors of p(m).
2, 3, 17
Suppose a - 9 - 5 = 0. Let y(h) = 6*h**2 + 25*h + 177. Let b be y(-6). Suppose a*w = 15*w - b. List the prime factors of w.
3
Let h be (37*3)/(34/1054). Suppose 7*y + h = 3*a + 4*y, 2*a + 2*y = 2310. What are the prime factors of a?
1151
Let x = -2617 + 4916. List the prime factors of x.
11, 19
Let k = 828 + -829. What are the prime factors of (1/(-2) - k)/((-239)/(-689754))?
3, 13, 37
Let b = 28 - 27. Let j(r) = -12*r**3 + r**2 - 1. Let w be j(b). List the prime factors of (-8)/w + (-289)/(-3).
97
Suppose 0 = -9*n + 8084 + 7225. List the prime factors of n.
3, 7
Let i = -3235 + 3643. What are the prime factors of i?
2, 3, 17
Suppose 123 = 3*d - 4*c, 5*d + 0*c - 205 = -5*c. Suppose 4*r = j - 273, 0 = -39*j + d*j - r - 560. What are the prime factors of j?
281
Suppose 624 = a - 4*a - 3*k, -2*k + 404 = -2*a. Let d = 23 - a. What are the prime factors of d?
2, 3, 19
Let a = -2580 + 3170. List the prime factors of a.
2, 5, 59
Let x = 48 - 64. Let m(o) = o**3 + 17*o**2 + 15*o - 14. Let s be m(x). Suppose u - 40 = 5*c - 10, -2*u - s*c + 72 = 0. What are the prime factors of u?
5, 7
Let w = 26 - -26. Let r = -45 + w. Suppose 72 = -r*h + 15*h. List the prime factors of h.
3
Let h be (-30)/(-25)*(-2560)/(-24). Suppose -h = -9*p + 2446. List the prime factors of p.
2, 11, 13
Suppose 2*j - 3*u = 7*j - 10289, -2067 = -j + 4*u. What are the prime factors of j?
29, 71
Suppose -17*m + 19*m + 5*u = 1459, 2*m - 1486 = 4*u. Let y = m + -240. List the prime factors of y.
7, 71
Suppose b - 4 = 0, 4*g - 10*b = -12*b + 105020. List the prime factors of g.
3, 2917
Suppose 0 = -2*a + 7*i - 3*i - 6, a + 4*i = 27. Let o(j) be the first derivative of j**3/3 + 3*j**2 - 5*j + 1. List the prime factors of o(a).
2, 43
Suppose -62*a - 18 = -68*a. Suppose 4*o = a*h - 950 - 1482, 1626 = 2*h - 5*o. List the prime factors of h.
2, 101
Suppose -h + 2652 = h - 4*i, 2*i - 5344 = -4*h. Suppose -1335*g + h*g = -791. What are the prime factors of g?
7, 113
Suppose 2*q + 2*y + 10044 = 6*q, -5*y - 12555 = -5*q. List the prime factors of q.
3, 31
Let x(a) = 8*a - 6. Let o be x(3). Suppose 30 = -4*z - z - 5*k, -o = 3*z - k. What are the prime factors of (z/((-72)/78))/(2/4)?
13
Let t(g) = -g**3 + g**2 - 15*g - 41. List the prime factors of t(-19).
2, 3, 311
Let a(q) = 121*q**3 - 100*q**2 - 5*q - 132. List the prime factors of a(9).
2, 3, 6661
Let w = 2542 - 1567. List the prime factors of w.
3, 5, 13
Let y = 33853 + -33743. List the prime factors of y.
2, 5, 11
Suppose 0 = -5*f, -4*b + f + 258 - 3930 = 0. Let z = -581 - b. List the prime factors of z.
337
Suppose -2*m + 45370 = -269*n + 270*n, 0 = -5*m + n + 113404. What are the prime factors of m?
2, 11, 1031
Let n = 22 - 36. Let c(j) = -j - 11. Let d be c(n). Suppose -d*z + 186 = -0*z. List the prime factors of z.
2, 31
Let a = 4710 + 8153. What are the prime factors of a?
19, 677
Suppose -3*v - 2910 = n - 439, -3*n = 3*v + 2463. Let t = v - -1531. List the prime factors of t.
2, 353
Let w = 1383 + -812. Let z = w + -408. List the prime factors of z.
163
Let d(k) = -40194*k**3 + 22*k**2 + 23*k. List the prime factors of d(-1).
40193
Let g(m) = 334*m + 703. List the prime factors of g(28).
5, 2011
Suppose -40825 + 11005 = -7*h. Let w be ((-2)/4)/((-6)/h). Suppose -4*g = -5 - w. What are the prime factors of g?
2, 3, 5
Let n = 335 - 333. Suppose 5*u + 2496 = -b + 5*b, 1250 = 2*b - n*u. What are the prime factors of b?
17, 37
Let j be 0 - (2 - 2)/2. What are the prime factors of -1*(-389 + 3 + j)?
2, 193
Let z = 1874 + -3182. Let x = -760 - z. List the prime factors of x.
2, 137
Let g be 1 + -4 + 2 + 29. Suppose 272 = 5*i + 167. What are the prime factors of (-72)/i*g/(-8)?
2, 3
Let q be 1/(-3)*0*-1. Suppose 8*c - 8 - 8 = q. Suppose -4*l - c*p = -96, 3*l - 4*p + 2*p - 86 = 0. List the prime factors of l.
2,